 - (-2 - 1)).
12
87 + -73 + (-4 + 7 - 0)
17
What is the value of -9 + 6 + 13 + -3 - (-2 - 0)?
9
What is 0 - (2 + -1 - (-17 - -6))?
-12
What is -5 + 33 + -24 + 0 + (4 - 3)?
5
1 + (5 + -10 - ((-3 - -6) + -13))
6
Evaluate 1 + (13 - 10 - -3) + -4.
3
What is 2 - (5 + (-9 + (5 - 1) - -23))?
-21
Evaluate -18 + -6 + 9 - -30.
15
Evaluate 6 + 7 + -4 + -20 + 9 + -4.
-6
What is -8 + (41 - (-8 + 13 + -1))?
29
What is -2 + -1 + (-4 - -28)?
21
What is 20 - -8 - 28 - 23?
-23
Evaluate -2 + -6 - (-7 - (-6 + 8)).
1
What is (-18 - -12 - -6 - -2) + -6?
-4
(-3 + 1 - 16) + -39 + 61 + -26
-22
What is (18 - (12 - (-11 + 17))) + 0?
12
What is the value of (-1 - -25) + 70 + -95 + (-1 - 4)?
-6
Calculate -29 - (-1 - (2 + -3)) - (-50 - -42).
-21
What is the value of 2 - (-12 + 14 + (3 + -2 - 4))?
3
Evaluate (-14 - -4) + (-7 - -13) + -4 - -4.
-4
What is the value of 28 - (-15 + (20 - 3))?
26
What is the value of (3 - 5) + -1 - (-32 + (-9 - -15))?
23
Calculate (-3 - (1 + 7 - 7)) + 15.
11
-2 + 16 + (-8 - -8)
14
What is (-3 + -15 - (2 - 24)) + -23 + 1?
-18
Calculate (-15 - -8) + (-2 + 1 - -12).
4
1 + -18 + 22 + (0 - -7)
12
What is -1 + 25 + (1 - 2) + (3677 - 3675)?
25
(16 - (-10 - -13 - -5)) + 1 + -7
2
Calculate -12 + 6 + (6 + -13 - -5) + -5.
-13
Evaluate 0 + 13 - (2 + -8 - 1 - -13).
7
What is 1 + 0 - (-2 + (22 - 30))?
11
2 + -7 + 4 + 17 + (2 - 10)
8
What is 7 - -1 - (-4 - (-2 - (-15 - -23)))?
2
Calculate (24 + -57 - -53) + -23.
-3
What is (60 - 25 - 24) + (1 - 6) + -1?
5
What is the value of -5 + 19 - (83 + -73 - (0 - -2))?
6
10 + 4 + 0 + -8
6
Calculate -15 - (-4 - (2 + 11)).
2
Evaluate 8 + (1 - (7 - (12 - (5 - -1)))).
8
Calculate (-9 + 13 - -30) + -15 + -43.
-24
What is (34 + 24 - (14 + -1)) + (-13 - -4)?
36
-9 + 8 + (-10 - -8)
-3
What is the value of 0 + (6 - (5 - (10 + -6)))?
5
What is the value of (2 - 11) + (-19 - (-4 + -15))?
-9
What is the value of (2 - 10 - -6 - -5) + 1 + -5?
-1
-10 - ((12 - 3) + -17 - -5)
-7
What is 2 - (-7 - -15) - (-7 + 3 - -1)?
-3
What is -2 - (6 + -2 + -16)?
10
Calculate -510 + 542 + -59 + -1.
-28
Evaluate 20 - (21 + 9 + -18).
8
What is (-15 + 16 - 23) + (3 - 3)?
-22
Evaluate (32 - 16 - 27) + (17 - 1).
5
What is the value of 9 - (8 - (-19 - -16))?
-2
What is 0 - (-1 + (-2 - -4)) - (183 + -189)?
5
Calculate 4 + (2 - 3) + 3 - (-6 + 4).
8
-7 - 1 - -2 - (-44 - -22 - -14)
2
Evaluate (7 - (-12 - -13)) + (-11 - -4).
-1
What is the value of 1 + -2 - (1396 - 1376)?
-21
Evaluate 5 + 0 + -2 + (-30 - -28) - -6.
7
Evaluate 1 - 1 - (-30 + -27 - -37).
20
Calculate 9 - ((6 - 5) + -5) - -4 - -6.
23
What is the value of (-10 - (-38 - -20)) + -15?
-7
-17 + (19 - 2 - -6)
6
What is the value of 15 - (-9 + (-16 - -25))?
15
What is the value of 2 - -1 - (37 + -26) - -14?
6
Evaluate (1 + -4 - -9) + (24 - 36 - 1).
-7
What is the value of 4 - (9 + (-76 - -44))?
27
What is 0 - -1 - (21 - 7 - 6) - 5?
-12
-8 + (-1 - 0) + (5 + 15 - 13)
-2
59 - (45 + -16) - 13
17
(-31 + 22 - (-8 + -2)) + (-21 - -4)
-16
What is (0 - 7) + 0 - (-12 + 4 + 6)?
-5
Evaluate 45 + -48 + (-3 - -1) - 7.
-12
What is -17 + (15 - (-4 - -3))?
-1
What is the value of -12 - (343 + -331 + 0 + -35)?
11
What is 2 + (-10 - 1) + 6?
-3
-22 + (-16 - -33) + 25
20
What is -18 - (14 + (-28 - -11))?
-15
Evaluate 9 + -11 + (-14 - -20).
4
Calculate (3 - 38) + -8 + 13 + (-4 - 1).
-35
What is (-8 - (5 + -1 + -2)) + 4?
-6
Evaluate -313 + 300 + (-1 - 3).
-17
What is the value of -25 + 8 + 34 + -56 + 1?
-38
8 - 1 - (-10 + (6 - -1))
10
6 + ((6 - 5) + -9 - -10 - 5)
3
What is (35 - 29) + (-7 + 5 - (1 - 3))?
6
(-3 - 2) + -47 + 58 + -4 + -1
1
What is the value of -1 + -1 + (16 - (2 + (-1 - -9)))?
4
Evaluate 0 + (10 - (-12 + 2 - -19)).
1
What is 39 - ((-2 - 1 - (-2 + -3)) + 3)?
34
Evaluate (7 - 6) + (-7 - -6).
0
What is (-1 - -16) + -4 + -34?
-23
(8 - -2) + (-41 - (-21 + (1 - -8)))
-19
Calculate 7 - 0 - (-15 - (-11 + -12)).
-1
Evaluate 21 + (1 + -7 - 27) - (2 + -8).
-6
1 - ((10 - (5 + -10 - -15)) + 1)
0
What is the value of 36 - 57 - (3 - 39)?
15
What is the value of (0 - -5 - -15) + (-2 + 1 - -6)?
25
Calculate -153 - -151 - (-4 + (-1 - 0)).
3
Evaluate -1 - 10 - (12 + (-73 - -34)).
16
What is -23 + 22 - ((5 - 1) + -16)?
11
Calculate 11 - (-2 + 5) - (-33 + 41).
0
Calculate (0 - -9 - (-236 + 246)) + -12.
-13
What is the value of 23 + (-13 - -2) - 4?
8
Evaluate -2 + -4 + (16 - 12 - 2) + 29.
25
What is 1 + -18 + 13 + -1 + 4?
-1
What is 24 + -2 + 2 + -49?
-25
-37 + -12 + 7 + 18
-24
2 + (3 - (3 + -2)) + 11 + -24
-9
Evaluate 19 - (-13 + 42) - -4.
-6
(0 + 8 + -6 + -4 - 2) + 0
-4
What is the value of 22 - (-16 - -34 - 8 - -4)?
8
What is the value of -2 - 13 - (-46 + 35)?
-4
What is 12 - 1 - (12 - 57 - -42)?
14
Evaluate -1 + -25 + -233 + 244.
-15
What is 20 - (2 + -1) - (-1214 + 1223)?
10
1 - (12 + 0 - 13)
2
What is the value of -2 - -6 - (20 - 27)?
11
What is the value of -42 - (-1 + 25 - 30)?
-36
What is the value of 48 + -42 + -3 + 2?
5
What is -5 + 4 + -4 + 2 - 9?
-12
(-1 + 4 - (4 - 3)) + (3 - -1)
6
Evaluate 2 + -13 - (21 + -31 + 2).
-3
264 + -275 - (-7 + 0) - 9
-13
What is the value of -11 + (-20 + 16 - -8 - (-42 - -1))?
34
Evaluate 869 + -876 - (-10 - 1).
4
Evaluate -19 + (222 - 229) + (1 - (0 - 4)).
-21
Calculate 8 - ((14 - (8 + 6)) + 7).
1
What is (2 + 0 - (-7 + (24 - 7))) + 6?
-2
-4 - (-15 + (-11 - (-11 + 2)))
13
Calculate (-13 + 29 - 12) + -4 + 0.
0
Evaluate (-6 + 16 - 13) + -1 + (-6 - 6).
-16
What is -171 + 161 - (-18 - 3 - -3)?
8
Evaluate (1 - (-3 - 3)) + -7 - (24 + 2).
-26
What is 15 + -47 + 54 - 36?
-14
Calculate -12 + (-8 - (-20 + 7 + 6)).
-13
What is (2 + -5 - (-5 + 0)) + (-14 - 0)?
-12
What is 22 + 0 + -2 + 3 + -143 + 138?
18
-26 + 24 + -9 - -9
-2
What is 10 - (-1 - (-18 - -17 - (1 + 2)))?
7
What is -9 - ((8 - -1 - 3) + -17 - -6)?
-4
What is the value of -232 - -241 - (-2 + (1 - 1))?
11
What is 3 - (26 - 24 - (2 + -2))?
1
Calculate -1 - (20 - (-27 + 34 - (-1 - -1))).
-14
What is 3 - 5 - (-28 - -26)?
0
0 + (-1 - 9 - (7 + 6))
-23
Evaluate -1 - -7 - (-643 - -616).
33
Calculate 12 - (-1 + (7 - (5 + 0)) - -2).
9
What is 42 - 4 - (139 + -89)?
-12
What is 3 - -5 - (9 + 10 + -9)?
-2
Evaluate (6 - 1) + (-5 - 28 - -5 - -19).
-4
Calculate -382 + 382 + (0 - -3 - -1).
4
Calculate (-7 - -1) + 13 - -32 - 0.
39
What is the value of 7 + 7 + 3 + -14?
3
What is the value of (-1 - -12) + (-6 + -24 - -35)?
16
8 - 6 - 3 - 6
-7
Calculate (-11 + 18 - (0 + 9)) + 5.
3
What is 10 + (61 - 78) + (9 - 0)?
2
17 + (-17 - (-10 + -7)) + -1
16
What is (23 - (16 - 4)) + -27?
-16
Calculate -3 - (-12 - (5 - -6 - 11)).
9
Calculate 1 - (-26 - -7 - -5 - -6 - -7).
2
1 + -10 - (-30 - (-40 - -40))
21
What is the value of -21 + 28 - 15 - (2 + -4)?
-6
3 + (18 + -62 - -20)
-21
What is the value of -1 + -23 + 783 + -744?
15
-1 + (5 - (-18 - (1 + -12)))
11
Evaluate 19 + -12 + (18 - (0 - -4)).
21
What is 1 + -1 + -2 + -11 + 8?
-5
Calculate (21 - (28 - 13)) + -4 + 2.
4
What is the value of -4 - -1 - (-7 + 13 + 5)?
-14
Evaluate (-73 - -71 - ((2 - 0) + 2)) + -5.
-11
Evaluate 4 + (-53 - -3) + 12 + 9 + -4.
-29
(99 - 101) + 2 + 0 - -5
5
9 - (12 - (7 + -10))
-6
What is -1 + -51 - (577 - 617)?
-12
-5 + (6 - (-4 + 7 - 7))
5
What is the value of (-1 - -2 - -18) + -2 - (676 - 677)?
18
Calculate -13 - (2 + 16 + (-61 - -46)).
-16
What is -8 - (-9 - (-8 - -16))?
9
Evaluate -5 + (0 - (-3 + 1)) - (18 + -7).
-14
What is the value of -12 + (16 - 7) - -7 - 8?
-4
What is (-6 - (-6 - -15)) + -1?
-16
Evaluate (3 - (3 - (4 + 1))) + -7.
-2
What is 34 + 3 + -64 + 18?
-9
What is the value of (4 - (7 + 7)) + (1 - 1)?
-10
Evaluate (-23 - (-9 + 4)) + 6 + 3.
-9
Calculate (7 - 2 - (-5 - (-2 + -27))) + 5.
-14
What is -1 + -28 - (-23 - (-7 + -7))?
-20
-1 - -13 - 6 - -1
7
Calculate 1 - -9 - 0 - (-22 - -16 - -16).
0
7 + (-1 + (-8 - -8 - 6) - -2)
2
What is the value of -4 - ((-108 - -103) + -1 + (0 - 0))?
2
28 - (-57 - -60 - (0 - 7))
18
-5 + 3 + -1 + -29 + 65 + -56
-23
Evaluate 12 + (9 - (7 + (12 - (-1 - -19)))).
20
Evaluate 13 + 13 + 10 - -3 - 11.
28
Calculate -21 - (32 + -23 + -17).
-13
What is 1 - (8 + (-11 - 1)) - 2?
3
Calculate -2 + 21 - (5 + -13 + 54).
-27
What is -11 + (7 - -16) + 11?
23
Calculate -21 - (-31 - -16 - 2).
-4
-12 - 0 - (-13 - (10 + -9 - 18))
-16
Evaluate -1 - -9 - (-15 - -7 - -7 - -2).
7
Calculate 10 + -6 + -17 + 3.
-10
-13 + 3 + (-23 - -20)
-13
What is the value of -4 - (-10 - (-12 + 